{"id":59,"date":"2019-09-03T13:46:40","date_gmt":"2019-09-03T11:46:40","guid":{"rendered":"https:\/\/feuerwehr-markdorf.de\/jugendfeuerwehr\/?page_id=59"},"modified":"2020-01-03T20:31:29","modified_gmt":"2020-01-03T19:31:29","slug":"leitlinien","status":"publish","type":"page","link":"https:\/\/feuerwehr-markdorf.de\/jugendfeuerwehr\/?page_id=59","title":{"rendered":"Leitlinien"},"content":{"rendered":"\t\t<div data-elementor-type=\"wp-post\" data-elementor-id=\"59\" class=\"elementor elementor-59\">\n\t\t\t\t\t\t<section class=\"elementor-section elementor-top-section elementor-element elementor-element-3e18dc5 elementor-section-boxed elementor-section-height-default elementor-section-height-default\" data-id=\"3e18dc5\" data-element_type=\"section\">\n\t\t\t\t\t\t<div class=\"elementor-container elementor-column-gap-default\">\n\t\t\t\t\t<div class=\"elementor-column elementor-col-100 elementor-top-column elementor-element elementor-element-b06b864\" data-id=\"b06b864\" data-element_type=\"column\">\n\t\t\t<div class=\"elementor-widget-wrap elementor-element-populated\">\n\t\t\t\t\t\t<div class=\"elementor-element elementor-element-b0d6f36 elementor-widget elementor-widget-spacer\" data-id=\"b0d6f36\" data-element_type=\"widget\" data-widget_type=\"spacer.default\">\n\t\t\t\t<div class=\"elementor-widget-container\">\n\t\t\t\t\t<div class=\"elementor-spacer\">\n\t\t\t<div class=\"elementor-spacer-inner\"><\/div>\n\t\t<\/div>\n\t\t\t\t<\/div>\n\t\t\t\t<\/div>\n\t\t\t\t<div class=\"elementor-element elementor-element-470a8be elementor-align-left elementor-widget elementor-widget-oew-advanced-heading\" data-id=\"470a8be\" data-element_type=\"widget\" data-widget_type=\"oew-advanced-heading.default\">\n\t\t\t\t<div class=\"elementor-widget-container\">\n\t\t\t\r\n\t\t<div class=\"oew-advanced-heading\">\r\n\r\n\t\t\t\t\t\t\t<h2  class=\"oew-main-heading\">\r\n\t\t\t\t\t<div>\r\n\t\t\t\t\t\tUnsere Leitlinien\r\n\t\t\t\t\t\t\t\t\t\t\t<\/div>\r\n\t\t\t\t<\/h2>\r\n\t\t\t\r\n\t\t<\/div>\r\n\r\n\t\t\t<\/div>\n\t\t\t\t<\/div>\n\t\t\t\t\t<\/div>\n\t\t<\/div>\n\t\t\t\t\t<\/div>\n\t\t<\/section>\n\t\t\t\t<section class=\"elementor-section elementor-top-section elementor-element elementor-element-4e12aaa elementor-section-boxed elementor-section-height-default elementor-section-height-default\" data-id=\"4e12aaa\" data-element_type=\"section\">\n\t\t\t\t\t\t<div class=\"elementor-container elementor-column-gap-default\">\n\t\t\t\t\t<div class=\"elementor-column elementor-col-100 elementor-top-column elementor-element elementor-element-70a2fc6\" data-id=\"70a2fc6\" data-element_type=\"column\">\n\t\t\t<div class=\"elementor-widget-wrap elementor-element-populated\">\n\t\t\t\t\t\t<div class=\"elementor-element elementor-element-591e3ec elementor-widget elementor-widget-oew-accordion\" data-id=\"591e3ec\" data-element_type=\"widget\" data-widget_type=\"oew-accordion.default\">\n\t\t\t\t<div class=\"elementor-widget-container\">\n\t\t\t\r\n\t\t<div class=\"oew-has-active-item oew-accordion\" id=\"oew-accordion-591e3ec\" data-settings=\"{&quot;multiple&quot;:&quot;true&quot;,&quot;active_item&quot;:1}\">\r\n\r\n\t\t\t\r\n\t\t\t\t<div class=\"oew-accordion-item oew-active\">\r\n\t\t\t\t\t<div class=\"oew-accordion-title\">\r\n\t\t\t\t\t\t\t\t\t\t\t\t\t<span class=\"oew-accordion-icon oew-accordion-icon-right\" aria-hidden=\"true\">\r\n\t\t\t\t\t\t\t\t<i class=\"oew-accordion-icon-closed fa fa-plus\"><\/i>\r\n\t\t\t\t\t\t\t\t<i class=\"oew-accordion-icon-opened fa fa-minus\"><\/i>\r\n\t\t\t\t\t\t\t<\/span>\r\n\t\t\t\t\t\t\r\n\t\t\t\t\t\tWer sind wir?\t\t\t\t\t<\/div>\r\n\r\n\t\t\t\t\t<div class=\"oew-accordion-content\">\r\n\t\t\t\t\t\t<p>Wir sind die Jugendorganisation der Freiwilligen Feuerwehr Markdorf in der wir als eigenst\u00e4ndige Abteilung eingegliedert sind. Das hei\u00dft, wir sind (wie die Feuerwehr selbst) kein Verein, sondern ein Teil einer Institution der Gemeinde.<\/p>\t\t\t\t\t<\/div>\r\n\t\t\t\t<\/div>\r\n\t\t\t\r\n\t\t\t\t<div class=\"oew-accordion-item\">\r\n\t\t\t\t\t<div class=\"oew-accordion-title\">\r\n\t\t\t\t\t\t\t\t\t\t\t\t\t<span class=\"oew-accordion-icon oew-accordion-icon-right\" aria-hidden=\"true\">\r\n\t\t\t\t\t\t\t\t<i class=\"oew-accordion-icon-closed fa fa-plus\"><\/i>\r\n\t\t\t\t\t\t\t\t<i class=\"oew-accordion-icon-opened fa fa-minus\"><\/i>\r\n\t\t\t\t\t\t\t<\/span>\r\n\t\t\t\t\t\t\r\n\t\t\t\t\t\tWas sind unsere Ziele?\t\t\t\t\t<\/div>\r\n\r\n\t\t\t\t\t<div class=\"oew-accordion-content\">\r\n\t\t\t\t\t\t<p>Wir wollen Jugendlichen eine sinnvolle Freizeitgestaltung erm\u00f6glichen, deren Ziel es ist sp\u00e4ter in ein Team einzusteigen, das es sich zur Aufgabe gemacht hat, anderen zu helfen. Bei all diesen Aktivit\u00e4ten soll aber altersgerecht Spiel und Spa\u00df in der Gruppe nie zu kurz kommen.<\/p>\t\t\t\t\t<\/div>\r\n\t\t\t\t<\/div>\r\n\t\t\t\r\n\t\t\t\t<div class=\"oew-accordion-item\">\r\n\t\t\t\t\t<div class=\"oew-accordion-title\">\r\n\t\t\t\t\t\t\t\t\t\t\t\t\t<span class=\"oew-accordion-icon oew-accordion-icon-right\" aria-hidden=\"true\">\r\n\t\t\t\t\t\t\t\t<i class=\"oew-accordion-icon-closed fa fa-plus\"><\/i>\r\n\t\t\t\t\t\t\t\t<i class=\"oew-accordion-icon-opened fa fa-minus\"><\/i>\r\n\t\t\t\t\t\t\t<\/span>\r\n\t\t\t\t\t\t\r\n\t\t\t\t\t\tWas tun wir?\t\t\t\t\t<\/div>\r\n\r\n\t\t\t\t\t<div class=\"oew-accordion-content\">\r\n\t\t\t\t\t\t<p>Unsere Aktivit\u00e4ten bestehen zu ca. 50% aus altersgerechter feuerwehrtechnischer Ausbildung und ca. 50% allgemeiner Jugendarbeit wie z.B. Spiele, Sport, Kegeln, Schwimmen, Wanderungen, Basteln etc.. Zus\u00e4tzlich nehmen wir an H\u00fcttenaufenthalten, Zeltlagern und anderen Wochenendaktivit\u00e4ten teil.<\/p>\t\t\t\t\t<\/div>\r\n\t\t\t\t<\/div>\r\n\t\t\t\r\n\t\t\t\t<div class=\"oew-accordion-item\">\r\n\t\t\t\t\t<div class=\"oew-accordion-title\">\r\n\t\t\t\t\t\t\t\t\t\t\t\t\t<span class=\"oew-accordion-icon oew-accordion-icon-right\" aria-hidden=\"true\">\r\n\t\t\t\t\t\t\t\t<i class=\"oew-accordion-icon-closed fa fa-plus\"><\/i>\r\n\t\t\t\t\t\t\t\t<i class=\"oew-accordion-icon-opened fa fa-minus\"><\/i>\r\n\t\t\t\t\t\t\t<\/span>\r\n\t\t\t\t\t\t\r\n\t\t\t\t\t\tWas erwarten wir?\t\t\t\t\t<\/div>\r\n\r\n\t\t\t\t\t<div class=\"oew-accordion-content\">\r\n\t\t\t\t\t\t<p>Von unseren M\u00e4dchen und Jungen erwarten wir ein gewisses Ma\u00df an Disziplin und die F\u00e4higkeit sich in der Gruppe einzubringen.<\/p>\t\t\t\t\t<\/div>\r\n\t\t\t\t<\/div>\r\n\t\t\t\r\n\t\t\t\t<div class=\"oew-accordion-item\">\r\n\t\t\t\t\t<div class=\"oew-accordion-title\">\r\n\t\t\t\t\t\t\t\t\t\t\t\t\t<span class=\"oew-accordion-icon oew-accordion-icon-right\" aria-hidden=\"true\">\r\n\t\t\t\t\t\t\t\t<i class=\"oew-accordion-icon-closed fa fa-plus\"><\/i>\r\n\t\t\t\t\t\t\t\t<i class=\"oew-accordion-icon-opened fa fa-minus\"><\/i>\r\n\t\t\t\t\t\t\t<\/span>\r\n\t\t\t\t\t\t\r\n\t\t\t\t\t\tWer kann bei uns mitmachen?\t\t\t\t\t<\/div>\r\n\r\n\t\t\t\t\t<div class=\"oew-accordion-content\">\r\n\t\t\t\t\t\t<p>Alle m\u00e4nnlichen und weiblichen Jugendlichen ab dem 10. Lebensjahr k\u00f6nnen bei uns Mitglied werden. Sollten wir aber von der Mitgliederzahl an unsere r\u00e4umlichen und\/oder personellen Grenzen sto\u00dfen behalten wir uns einen Aufnahmestop vor.<\/p>\t\t\t\t\t<\/div>\r\n\t\t\t\t<\/div>\r\n\t\t\t\r\n\t\t\t\t<div class=\"oew-accordion-item\">\r\n\t\t\t\t\t<div class=\"oew-accordion-title\">\r\n\t\t\t\t\t\t\t\t\t\t\t\t\t<span class=\"oew-accordion-icon oew-accordion-icon-right\" aria-hidden=\"true\">\r\n\t\t\t\t\t\t\t\t<i class=\"oew-accordion-icon-closed fa fa-plus\"><\/i>\r\n\t\t\t\t\t\t\t\t<i class=\"oew-accordion-icon-opened fa fa-minus\"><\/i>\r\n\t\t\t\t\t\t\t<\/span>\r\n\t\t\t\t\t\t\r\n\t\t\t\t\t\tWann finden die Proben statt?\t\t\t\t\t<\/div>\r\n\r\n\t\t\t\t\t<div class=\"oew-accordion-content\">\r\n\t\t\t\t\t\t<p>Wir treffen uns jeden Montag zwischen 18:00 Uhr und 19:00\/20:00 Uhr am Feuerwehrger\u00e4tehaus in Markdorf, au\u00dfer w\u00e4hrend der Schulferien oder an Feiertagen. Um Wiederholungen und Defizite so gering wie m\u00f6glich zu halten, legen wir gro\u00dfen Wert auf eine regelm\u00e4\u00dfige Teilnahme an den Probeabenden.<br \/>Die Termine kannst du auch in unserem Kalender finden.<\/p>\t\t\t\t\t<\/div>\r\n\t\t\t\t<\/div>\r\n\t\t\t\r\n\t\t<\/div>\r\n\r\n\t\t\t<\/div>\n\t\t\t\t<\/div>\n\t\t\t\t\t<\/div>\n\t\t<\/div>\n\t\t\t\t\t<\/div>\n\t\t<\/section>\n\t\t\t\t<\/div>\n\t\t","protected":false},"excerpt":{"rendered":"<p>Unsere Leitlinien Wer sind wir? Wir sind die Jugendorganisation der Freiwilligen Feuerwehr Markdorf in der wir als eigenst\u00e4ndige Abteilung eingegliedert sind. Das hei\u00dft, wir sind (wie die Feuerwehr selbst) kein Verein, sondern ein Teil einer Institution der Gemeinde. Was sind unsere Ziele? Wir wollen Jugendlichen eine sinnvolle Freizeitgestaltung erm\u00f6glichen, deren Ziel es ist sp\u00e4ter in [&hellip;]<\/p>\n","protected":false},"author":1,"featured_media":0,"parent":0,"menu_order":0,"comment_status":"closed","ping_status":"closed","template":"","meta":{"advgb_blocks_editor_width":"","advgb_blocks_columns_visual_guide":"","ngg_post_thumbnail":0,"ocean_post_layout":"","ocean_both_sidebars_style":"","ocean_both_sidebars_content_width":0,"ocean_both_sidebars_sidebars_width":0,"ocean_sidebar":"0","ocean_second_sidebar":"0","ocean_disable_margins":"enable","ocean_add_body_class":"","ocean_shortcode_before_top_bar":"","ocean_shortcode_after_top_bar":"","ocean_shortcode_before_header":"","ocean_shortcode_after_header":"","ocean_has_shortcode":"","ocean_shortcode_after_title":"","ocean_shortcode_before_footer_widgets":"","ocean_shortcode_after_footer_widgets":"","ocean_shortcode_before_footer_bottom":"","ocean_shortcode_after_footer_bottom":"","ocean_display_top_bar":"default","ocean_display_header":"default","ocean_header_style":"","ocean_center_header_left_menu":"0","ocean_custom_header_template":"0","ocean_custom_logo":0,"ocean_custom_retina_logo":0,"ocean_custom_logo_max_width":0,"ocean_custom_logo_tablet_max_width":0,"ocean_custom_logo_mobile_max_width":0,"ocean_custom_logo_max_height":0,"ocean_custom_logo_tablet_max_height":0,"ocean_custom_logo_mobile_max_height":0,"ocean_header_custom_menu":"0","ocean_menu_typo_font_family":"0","ocean_menu_typo_font_subset":"","ocean_menu_typo_font_size":0,"ocean_menu_typo_font_size_tablet":0,"ocean_menu_typo_font_size_mobile":0,"ocean_menu_typo_font_size_unit":"px","ocean_menu_typo_font_weight":"","ocean_menu_typo_font_weight_tablet":"","ocean_menu_typo_font_weight_mobile":"","ocean_menu_typo_transform":"","ocean_menu_typo_transform_tablet":"","ocean_menu_typo_transform_mobile":"","ocean_menu_typo_line_height":0,"ocean_menu_typo_line_height_tablet":0,"ocean_menu_typo_line_height_mobile":0,"ocean_menu_typo_line_height_unit":"","ocean_menu_typo_spacing":0,"ocean_menu_typo_spacing_tablet":0,"ocean_menu_typo_spacing_mobile":0,"ocean_menu_typo_spacing_unit":"","ocean_menu_link_color":"","ocean_menu_link_color_hover":"","ocean_menu_link_color_active":"","ocean_menu_link_background":"","ocean_menu_link_hover_background":"","ocean_menu_link_active_background":"","ocean_menu_social_links_bg":"","ocean_menu_social_hover_links_bg":"","ocean_menu_social_links_color":"","ocean_menu_social_hover_links_color":"","ocean_disable_title":"default","ocean_disable_heading":"default","ocean_post_title":"","ocean_post_subheading":"","ocean_post_title_style":"","ocean_post_title_background_color":"","ocean_post_title_background":0,"ocean_post_title_bg_image_position":"","ocean_post_title_bg_image_attachment":"","ocean_post_title_bg_image_repeat":"","ocean_post_title_bg_image_size":"","ocean_post_title_height":0,"ocean_post_title_bg_overlay":0.5,"ocean_post_title_bg_overlay_color":"","ocean_disable_breadcrumbs":"default","ocean_breadcrumbs_color":"","ocean_breadcrumbs_separator_color":"","ocean_breadcrumbs_links_color":"","ocean_breadcrumbs_links_hover_color":"","ocean_display_footer_widgets":"default","ocean_display_footer_bottom":"default","ocean_custom_footer_template":"0","footnotes":""},"categories":[],"tags":[],"class_list":["post-59","page","type-page","status-publish","hentry","entry"],"coauthors":[],"author_meta":{"author_link":"https:\/\/feuerwehr-markdorf.de\/jugendfeuerwehr\/?author=1","display_name":"tobiby"},"relative_dates":{"created":"Posted 7\u00a0Jahren ago","modified":"Updated 6\u00a0Jahren ago"},"absolute_dates":{"created":"Posted on 3. September 2019","modified":"Updated on 3. Januar 2020"},"absolute_dates_time":{"created":"Posted on 3. September 2019 13:46","modified":"Updated on 3. Januar 2020 20:31"},"featured_img_caption":"","featured_img":false,"series_order":"","_links":{"self":[{"href":"https:\/\/feuerwehr-markdorf.de\/jugendfeuerwehr\/index.php?rest_route=\/wp\/v2\/pages\/59","targetHints":{"allow":["GET"]}}],"collection":[{"href":"https:\/\/feuerwehr-markdorf.de\/jugendfeuerwehr\/index.php?rest_route=\/wp\/v2\/pages"}],"about":[{"href":"https:\/\/feuerwehr-markdorf.de\/jugendfeuerwehr\/index.php?rest_route=\/wp\/v2\/types\/page"}],"author":[{"embeddable":true,"href":"https:\/\/feuerwehr-markdorf.de\/jugendfeuerwehr\/index.php?rest_route=\/wp\/v2\/users\/1"}],"replies":[{"embeddable":true,"href":"https:\/\/feuerwehr-markdorf.de\/jugendfeuerwehr\/index.php?rest_route=%2Fwp%2Fv2%2Fcomments&post=59"}],"version-history":[{"count":11,"href":"https:\/\/feuerwehr-markdorf.de\/jugendfeuerwehr\/index.php?rest_route=\/wp\/v2\/pages\/59\/revisions"}],"predecessor-version":[{"id":267,"href":"https:\/\/feuerwehr-markdorf.de\/jugendfeuerwehr\/index.php?rest_route=\/wp\/v2\/pages\/59\/revisions\/267"}],"wp:attachment":[{"href":"https:\/\/feuerwehr-markdorf.de\/jugendfeuerwehr\/index.php?rest_route=%2Fwp%2Fv2%2Fmedia&parent=59"}],"wp:term":[{"taxonomy":"category","embeddable":true,"href":"https:\/\/feuerwehr-markdorf.de\/jugendfeuerwehr\/index.php?rest_route=%2Fwp%2Fv2%2Fcategories&post=59"},{"taxonomy":"post_tag","embeddable":true,"href":"https:\/\/feuerwehr-markdorf.de\/jugendfeuerwehr\/index.php?rest_route=%2Fwp%2Fv2%2Ftags&post=59"}],"curies":[{"name":"wp","href":"https:\/\/api.w.org\/{rel}","templated":true}]}}